termine d(1).
41
Let t(y) = 28248*y + 225969. Calculate t(-8).
-15
Let z(w) = w**2 + 500*w + 36126. Determine z(-87).
195
Let l(i) = 5*i**3 - 8*i**2 + 6*i - 9. Calculate l(2).
11
Let l(a) = 15733*a - 47207. Determine l(3).
-8
Let m(a) = -18*a - 1857. Give m(-58).
-813
Let i(z) = -2*z**3 - 23*z**2 + 14*z + 56. Determine i(-13).
381
Let l(w) = -w**3 - 61*w**2 - 293*w + 25. Determine l(-55).
-2010
Let y(q) = 520*q**3 - 1558*q**2 - 10*q + 8. Determine y(3).
-4
Let v(d) = -9521*d - 323718. What is v(-34)?
-4
Let x(k) = -k**2 - 69*k + 1006. Calculate x(-86).
-456
Let s(n) = 4*n**3 + 129*n**2 + 198*n - 86. Give s(-2).
2
Let i(p) = 13*p**3 + 9*p**2 + 241*p + 242. Determine i(-1).
-3
Let j(y) = -604*y + 21722. Give j(38).
-1230
Let r(p) = 5*p**3 - 68*p**2 + 131*p + 9. Give r(2).
39
Let w(i) = 6*i**3 - i**2 - 107*i + 676. Determine w(6).
1294
Let c(v) = v**3 + 37*v**2 - 1274*v - 33799. What is c(-21)?
11
Let m(p) = p**3 + 25*p**2 - 3889*p - 72269. What is m(-18)?
1
Let s(j) = 482*j + 26042. Calculate s(-57).
-1432
Let y(d) = -5*d**3 + 717*d**2 - 997*d + 422. Determine y(142).
-4
Let o(g) = 2*g**3 + 67*g**2 - 442*g - 489. Give o(-39).
18
Let r(t) = -7591*t - 303617. What is r(-40)?
23
Let y(u) = -70*u**2 - 4150*u + 16571. What is y(4)?
-1149
Let d(y) = -7368*y + 324193. Give d(44).
1
Let f(g) = -g**3 - 199*g**2 - 7535*g + 679. Give f(-51).
16
Let k(o) = -2*o**3 - 245*o**2 + 44840*o + 3800. What is k(-223)?
9
Let t(u) = -u**3 + 683*u**2 - 1595*u + 158693. Determine t(681).
20
Let h(q) = 71*q**3 - 1492*q**2 + 6*q + 313. Determine h(21).
-2
Let u(y) = y**3 - 39*y**2 - 50*y + 2545. Calculate u(-8).
-63
Let j(r) = -r**3 - 23*r**2 + 236*r + 3311. Determine j(-27).
-145
Let k(v) = -61305*v - 551730. What is k(-9)?
15
Let k(p) = -p**3 + 395*p**2 + 1197*p + 18. Determine k(-3).
9
Let h(c) = -6452*c - 19161. Determine h(-3).
195
Let s(y) = -21*y**2 + 251*y - 47. Determine s(10).
363
Let h(z) = 3*z**2 + 844*z + 1874. Determine h(-281).
1593
Let v(u) = 2*u**3 + 6*u**2 + 2*u + 4. Give v(-1).
6
Let x(i) = 23*i**2 - 91*i + 111. Give x(2).
21
Let r(a) = 2*a**3 - 430*a**2 + 3724*a - 3140. Determine r(206).
156
Let r(j) = 7986*j + 15994. Give r(-2).
22
Let k(z) = -55*z**2 - 1965*z - 4893. Give k(-33).
57
Let i(r) = -13458*r - 675. Give i(0).
-675
Let a(u) = u**3 - 88*u**2 + 17*u - 8630. Give a(89).
804
Let d(t) = -7*t**2 + 191*t + 255. Determine d(27).
309
Let m(o) = 3782*o - 6803835. What is m(1799)?
-17
Let a(k) = -2*k**3 + 315*k**2 + 475*k + 187. Give a(159).
-131
Let u(s) = 9540*s - 1774597. What is u(186)?
-157
Let w(d) = -d**3 - d**2 + 88*d + 23. Give w(9).
5
Let m(f) = -337*f + 63389. What is m(189)?
-304
Let j(t) = t**3 - 1132*t**2 + 246378*t - 1764. Determine j(294).
0
Let q(y) = 8408*y - 50400. Determine q(6).
48
Let m(j) = -3*j**2 + 282*j + 2757. Calculate m(-9).
-24
Let d(u) = -3183*u - 28627. Give d(-9).
20
Let c(r) = -4271*r - 1571764. Determine c(-368).
-36
Let f(l) = 936*l - 25. Give f(0).
-25
Let r(s) = -788*s + 148932. Determine r(189).
0
Let y(l) = 5597*l - 36756. What is y(6)?
-3174
Let t(i) = -2*i**2 - 1781*i - 5282. Calculate t(-3).
43
Let i(z) = -60*z + 2809. What is i(50)?
-191
Let j(o) = 495*o + 11882. Calculate j(-24).
2
Let o(j) = -20*j**2 + 1267*j + 6834. Give o(-5).
-1
Let a(r) = r**2 + 73*r + 174. Give a(0).
174
Let s(w) = w**2 - 4901*w + 228106. What is s(47)?
-32
Let c(o) = -15153*o + 3833767. What is c(253)?
58
Let s(n) = -n**3 + n**2 - 35*n + 31. What is s(0)?
31
Let f(g) = g**2 - 364*g + 8441. What is f(25)?
-34
Let j(t) = -3*t**2 - 564*t - 21220. Calculate j(-136).
-4
Let t(q) = -q**3 + 5*q**2 - 130*q - 614. What is t(-5)?
286
Let g(y) = y**3 + 11*y**2 - 17785*y - 213276. What is g(-12)?
0
Let t(p) = 11421*p + 69394. Give t(-6).
868
Let i(r) = r**2 - 6*r + 172. Give i(17).
359
Let f(g) = 2*g**2 - 24*g - 649. Give f(28).
247
Let o(g) = 9*g**3 + 67*g**2 + 317*g + 47. What is o(-7)?
-1976
Let b(i) = 348607*i - 3137469. Determine b(9).
-6
Let u(o) = 13183*o - 79139. Give u(6).
-41
Let v(b) = -3*b**2 + 1027*b - 11817. What is v(12)?
75
Let i(p) = -216*p + 19997. Give i(90).
557
Let g(b) = b**3 - 20*b**2 + 9*b + 471. Give g(16).
-409
Let n(t) = t**2 - 87*t + 1026. Determine n(18).
-216
Let y(s) = -3*s**3 + 17*s**2 - 174*s + 156. Give y(1).
-4
Let b(z) = 616*z + 60266. What is b(-100)?
-1334
Let m(k) = -3*k**3 - 17*k**2 + 5*k + 67. What is m(-9)?
832
Let y(z) = 11585*z**2 + 278014*z - 623. Calculate y(-24).
1
Let p(z) = -z**3 + 18*z**2 + 32*z - 878. Give p(16).
146
Let d(n) = -37637*n + 489219. Give d(13).
-62
Let m(q) = 4*q**3 - 63*q**2 - 284*q - 1. Determine m(-7).
-2472
Let y(w) = 20*w**2 - 216*w - 523. Calculate y(12).
-235
Let d(u) = -3*u**3 + 189*u**2 - 9*u + 140. Calculate d(63).
-427
Let d(u) = -1080*u + 108000. Determine d(100).
0
Let r(u) = -1163*u + 9356. Give r(8).
52
Let b(x) = -3376*x + 37234. Calculate b(11).
98
Let j(f) = 3202*f - 15256. Calculate j(5).
754
Let x(w) = -2*w**2 + 344*w + 7170. Determine x(191).
-88
Let v(c) = -2*c**2 + 994*c - 92983. Give v(125).
17
Let a(o) = 534*o - 48625. Give a(91).
-31
Let w(y) = -44*y**2 + 113*y - 790. Determine w(4).
-1042
Let i(d) = 2*d**3 + 38*d**2 + 4*d - 637. Give i(-14).
1267
Let n(f) = f**3 + 26*f**2 + 164*f + 54. What is n(-17)?
-133
Let c(s) = s**2 + 117491*s - 1057525. Determine c(9).
-25
Let k(t) = -t**3 - 562*t**2 - 78110*t + 2775. Calculate k(-252).
255
Let v(y) = y**3 + 318*y**2 + 2194*y + 122. Determine v(-7).
3
Let x(h) = -217*h**3 + 20*h**2 - 15*h - 4. Determine x(1).
-216
Let j(f) = 17*f**2 + 90*f + 47. What is j(-8)?
415
Let r(k) = -4*k**3 + 73*k**2 + 13124*k - 236565. Determine r(18).
-9
Let w(j) = -18261*j + 127837. What is w(7)?
10
Let i(m) = 2069*m**2 + 411*m + 412. Give i(-1).
2070
Let j(u) = -4*u**2 - 85*u + 1578. Calculate j(-32).
202
Let q(v) = 6*v**3 - 183*v**2 + 1156*v - 6. Determine q(7).
1177
Let a(d) = 2*d**2 + 250*d + 7158. Give a(-53).
-474
Let m(u) = 70020*u - 840092. Determine m(12).
148
Let z(p) = p**3 + 14*p**2 - 5416*p - 81020. Give z(-15).
-5
Let p(n) = -9*n**2 + 34597*n + 277369. What is p(-8)?
17
Let f(s) = -s**3 - 87*s**2 - 1488*s - 874. Determine f(-64).
150
Let n(q) = -2733*q + 57443. Determine n(21).
50
Let n(y) = 11*y**2 + 1252*y + 10115. Calculate n(-8).
803
Let s(f) = -6*f**2 + 1327*f - 26264. Determine s(20).
-2124
Let r(c) = 5*c**2 - 1778*c + 39653. Give r(24).
-139
Let f(n) = -3*n**3 + 4*n**2 + 80*n + 22. Calculate f(-3).
-101
Let b(x) = -x**3 + 265*x**2 + 669*x + 36182. What is b(268)?
2
Let v(q) = 783*q + 260862. Calculate v(-333).
123
Let g(s) = s**2 - 27810*s + 278085. Determine g(10).
85
Let y(v) = -30*v**2 + 1586*v - 5689. Determine y(49).
-5
Let u(n) = 11*n**2 - 1410*n + 7050. Give u(123).
39
Let h(b) = b**3 - 639*b**2 - 35937*b + 3454. Give h(691).
-1
Let t(z) = 90*z**3 - 7830*z**2 + 10*z - 861. Give t(87).
9
Let b(l) = 3*l**3 + 23*l**2 - 298*l - 2468. Give b(-8).
-148
Let b(v) = 772*v - 21253. Give b(27).
-409
Let b(y) = -y**3 - 51*y**2 - 270*y - 10881. Determine b(-50).
119
Let v(u) = 7*u - 605. Calculate v(-55).
-990
Let r(g) = -267601*g - 8295610. Calculate r(-31).
21
Let w(m) = 13405*m + 187724. Give w(-14).
54
Let i(k) = 56*k - 389. Calculate i(16).
507
Let n(y) = y**3 + 2*y**2 + 8506*y - 77441. Determine n(9).
4
Let i(z) = -2*z**3 - 5*z**2 + 59*z + 8. Give i(6).
-250
Let f(d) = 24*d**2 - 3240*d - 29260. What is f(-9)?
1844
Let w(r) = r**3 - 12*r**2 - 41*r + 117. What is w(16)?
485
Let z(k) = -309*k + 78. Calculate z(-17).
5331
Let k(h) = -h**3 - 145*h**2 - 1518*h + 942. Give k(-12).
6
Let k(b) = b**3 - 63*b**2 + 380*b - 11. Calculate k(9).
-965
Let y(l) = -5*l**3 - 527*l**2 + 327*l + 959. Give y(-106).
5
Let l(h) = -h**3 - 96*h**2 + 219*h + 8533. Determine l(-97).
-3301
Let o(a) = -1717679*a - 13741436. What is o(-8)?
-4
Let m(r) = -11995*r - 72014. Give m(-6).
-44
Let t(w) = -w**2 - 506*w - 45115. Determine t(-115).
-150
Let i(n) = -3*n**2 - 300*n - 49. What is i(-98)?
539
Let w(s) = 463345*s + 6023484. Determine w(-13).
-1
Let k(f) = -3790*f - 45483. Give k(-12).
-3
Let c(p) = 772*p + 118751. What is c(-154)?
-137
Let l(u) = 3*u**3 + 7*u**2 + 98*u + 31. Give l(-8).
-1841
Let j(x) = x**2 + 1067*x - 121788. Calculate j(104).
-4
Let s(n) = -35*n**2 + 443*n - 1176. Give s(9).
-24
Let y(g) = -10*g**2 - 417*g - 130. What is